{"id":2125,"date":"2020-05-19T10:31:19","date_gmt":"2020-05-19T08:31:19","guid":{"rendered":"http:\/\/sercematki.eu\/?page_id=2125"},"modified":"2020-10-25T23:24:06","modified_gmt":"2020-10-25T22:24:06","slug":"dzien-14","status":"publish","type":"page","link":"https:\/\/sercematki.eu\/?page_id=2125","title":{"rendered":"14. Dzie\u0144 26. pa\u017adziernika 2020"},"content":{"rendered":"\t\t<div data-elementor-type=\"wp-page\" data-elementor-id=\"2125\" class=\"elementor elementor-2125\" data-elementor-settings=\"[]\">\n\t\t\t\t\t\t<div class=\"elementor-inner\">\n\t\t\t\t\t\t\t<div class=\"elementor-section-wrap\">\n\t\t\t\t\t\t\t<section class=\"elementor-section elementor-top-section elementor-element elementor-element-10cafc2 elementor-section-boxed elementor-section-height-default elementor-section-height-default\" data-id=\"10cafc2\" data-element_type=\"section\">\n\t\t\t\t\t\t<div class=\"elementor-container elementor-column-gap-default\">\n\t\t\t\t\t\t\t<div class=\"elementor-row\">\n\t\t\t\t\t<div class=\"elementor-column elementor-col-100 elementor-top-column elementor-element elementor-element-4e19e27\" data-id=\"4e19e27\" data-element_type=\"column\">\n\t\t\t<div class=\"elementor-column-wrap elementor-element-populated\">\n\t\t\t\t\t\t\t<div class=\"elementor-widget-wrap\">\n\t\t\t\t\t\t<div class=\"elementor-element elementor-element-9450207 elementor-widget elementor-widget-heading\" data-id=\"9450207\" data-element_type=\"widget\" data-widget_type=\"heading.default\">\n\t\t\t\t<div class=\"elementor-widget-container\">\n\t\t\t<h2 class=\"elementor-heading-title elementor-size-default\">14. Dzie\u0144 26. pa\u017adziernika 2020<\/h2>\t\t<\/div>\n\t\t\t\t<\/div>\n\t\t\t\t<div class=\"elementor-element elementor-element-6551d05 elementor-widget-divider--view-line elementor-widget elementor-widget-divider\" data-id=\"6551d05\" data-element_type=\"widget\" data-widget_type=\"divider.default\">\n\t\t\t\t<div class=\"elementor-widget-container\">\n\t\t\t\t\t<div class=\"elementor-divider\">\n\t\t\t<span class=\"elementor-divider-separator\">\n\t\t\t\t\t\t<\/span>\n\t\t<\/div>\n\t\t\t\t<\/div>\n\t\t\t\t<\/div>\n\t\t\t\t<div class=\"elementor-element elementor-element-c564d13 elementor-invisible elementor-widget elementor-widget-text-editor\" data-id=\"c564d13\" data-element_type=\"widget\" data-settings=\"{&quot;_animation&quot;:&quot;pulse&quot;}\" data-widget_type=\"text-editor.default\">\n\t\t\t\t<div class=\"elementor-widget-container\">\n\t\t\t\t\t<div class=\"elementor-text-editor elementor-clearfix\"><h5><span style=\"font-weight: normal;\"><em>Matko najmilsza, m\u00f3dl si\u0119 za nami.<\/em><\/span><\/h5><\/div>\n\t\t\t\t<\/div>\n\t\t\t\t<\/div>\n\t\t\t\t<div class=\"elementor-element elementor-element-2cb3fd5 elementor-widget elementor-widget-text-editor\" data-id=\"2cb3fd5\" data-element_type=\"widget\" data-widget_type=\"text-editor.default\">\n\t\t\t\t<div class=\"elementor-widget-container\">\n\t\t\t\t\t<div class=\"elementor-text-editor elementor-clearfix\"><p><b>S\u0142owo \u017bycia:<\/b><br \/>\u201eGdy Jezus j\u0105 zobaczy\u0142, przywo\u0142a\u0142 j\u0105 i rzek\u0142 do niej: \u00abNiewiasto, jeste\u015b wolna od swej niemocy\u00bb. Po\u0142o\u017cy\u0142 na ni\u0105 r\u0119ce, a natychmiast wyprostowa\u0142a si\u0119 i chwali\u0142a Boga.\u201d (\u0141k 13, 12-13)<\/p><p><b>Ks. Mateusz: <\/b><br \/>Matka najmilsza.<br \/>Mi\u0142y Bogu jest ten, kto s\u0142ucha Jego S\u0142owa. Maryja jest Bogu najmilsza, poniewa\u017c jest najpilniejsz\u0105 S\u0142uchaczk\u0105 Bo\u017cego S\u0142owa. <br \/>Podczas zwiastowania Maryja s\u0142ucha, rozwa\u017ca, pyta\u2026 Nie oznacza to, \u017ce wszystko rozumie. Wr\u0119cz przeciwnie: Nawo-narodzony Jezus po\u0142o\u017cony w \u017c\u0142obie, bo nie by\u0142o miejsca w gospodzie, konieczno\u015b\u0107 ucieczki do Egiptu &#8211; to nie wygl\u0105da\u0142o na \u201enarodziny Mesjasza\u201d. Jednak zaufa\u0142a Bo\u017cemu S\u0142owu i wype\u0142nia\u0142a Jego wol\u0119. \u201eMaryja zachowywa\u0142a wszystkie te sprawy i rozwaz\u0307a\u0142a je w swoim sercu\u201d (\u0141k 2, 19). <br \/>Maryja &#8211; Matka najmilsza chce uczy\u0107 Swoje dzieci s\u0142uchania S\u0142owa Bo\u017cego, rozwa\u017cania, zadawania pyta\u0144 oraz ufnego wype\u0142niania woli Bo\u017cej mimo braku ca\u0142kowitego zrozumienia.<\/p><p><b>Marek:<\/b><br \/>Nikt nie moz\u0307e nosic\u0301 w sercu Boga, nie doznaja\u0328c wewne\u0328trznej rados\u0301ci i czasem zewne\u0328trznego smutku.<br \/>Mi\u0142os\u0301c\u0301 i smutek cze\u0328sto ida\u0328 bowiem w parze.<br \/>W mi\u0142os\u0301ci cielesnej cia\u0142o \u201ekonsumuje\u201d dusze\u0328; w mi\u0142os\u0301ci duchowej dusza otula cia\u0142o. <br \/>Smutek tej pierwszej nigdy nie ulega zaspokojeniu, ten bowiem, kto pragnie wypic\u0301 ocean mi\u0142os\u0301ci, b\u0119dzie nieszcze\u0328s\u0301liwy, gdy do wypicia ma tylko filiz\u0307anke\u0328. <br \/>Maryja uczy nas, z\u0307e mi\u0142os\u0301c\u0301 najmilsza Bogu zak\u0142ada odpowiedzialnos\u0301c\u0301. <br \/>Nie mamy sie\u0328 oszukiwac\u0301 naciskami serca w pr\u00f3z\u0307nej nadziei na ucieczke\u0328 od obowia\u0328zk\u00f3w, wiernos\u0301ci i ofiary dla ukochanej osoby. <br \/>Czy \u017cyje w takim przekonaniu prawa wzajemnej mi\u0142o\u015bci?<\/p><p><b>\u015aw. Jan Pawe\u0142 II:<\/b> \u201eOdnawiajcie w ci\u0105gu dnia wasz\u0105 ufno\u015b\u0107 i mi\u0142o\u015b\u0107, a\u017ceby Maryja towarzyszy\u0142a wam w<br \/>codziennym \u017cyciu\u201d (Funcjal, 12 maja 1991)<\/p><p><b>ks. kard. Stefan Wyszy\u0144ski:<\/b> \u201eJak to dobrze, \u017ce na Matk\u0119 Chrystusa zosta\u0142a wybrana istota, kt\u00f3rej niezwyk\u0142a lito\u015b\u0107 i mi\u0119kkie serce \u0142atwo si\u0119 wzrusza\u0142o. Mn\u00f3stwo przecie\u017c na ziemi ludzi cierpi\u0105cych, a Bogu potrzebny jest kto\u015b taki, kto b\u0119dzie si\u0119 \u0142atwo wzrusza\u0142, do kogo mo\u017cna podej\u015b\u0107 blisko, kto wszystko zrozumie, niczym si\u0119 nie zgorszy, niczego nie odtr\u0105ci i nie odepchnie.\u201d (Warszawa 1960 r.)<\/p><p><i>Zadanie rekolekcyjne:<\/i><br \/>Odm\u00f3w r\u00f3\u017caniec &#8211; najlepiej we wsp\u00f3lnocie.<\/p><p><i>\u0106wiczenie dodatkowe: <\/i><br \/>Rozwa\u017c fragment z Pisma \u015awi\u0119tego: Zwiastowanie: \u0141k 1, 26-38<\/p><\/div>\n\t\t\t\t<\/div>\n\t\t\t\t<\/div>\n\t\t\t\t<div class=\"elementor-element elementor-element-32ea21d elementor-invisible elementor-widget elementor-widget-text-editor\" data-id=\"32ea21d\" data-element_type=\"widget\" data-settings=\"{&quot;_animation&quot;:&quot;pulse&quot;}\" data-widget_type=\"text-editor.default\">\n\t\t\t\t<div class=\"elementor-widget-container\">\n\t\t\t\t\t<div class=\"elementor-text-editor elementor-clearfix\"><h2><a href=\"http:\/\/sercematki.eu\/wp-content\/uploads\/2020\/10\/SERCE-MATKI-_-dzien-14..pdf\" target=\"_blank\" rel=\"noopener\">SERCE MATKI rozwa\u017cania na 14. dzie\u0144 DO WYDRUKU<\/a><\/h2><\/div>\n\t\t\t\t<\/div>\n\t\t\t\t<\/div>\n\t\t\t\t<div class=\"elementor-element elementor-element-f7faa9c elementor-aspect-ratio-169 elementor-widget elementor-widget-video\" data-id=\"f7faa9c\" data-element_type=\"widget\" data-settings=\"{&quot;aspect_ratio&quot;:&quot;169&quot;}\" data-widget_type=\"video.default\">\n\t\t\t\t<div class=\"elementor-widget-container\">\n\t\t\t\t\t<div class=\"elementor-wrapper elementor-fit-aspect-ratio elementor-open-inline\">\n\t\t\t<iframe class=\"elementor-video-iframe\" allowfullscreen title=\"youtube Video Player\" src=\"https:\/\/www.youtube.com\/embed\/Yomv_JBHQ6Y?feature=oembed&amp;start&amp;end&amp;wmode=opaque&amp;loop=0&amp;controls=1&amp;mute=0&amp;rel=0&amp;modestbranding=0\"><\/iframe>\t\t<\/div>\n\t\t\t\t<\/div>\n\t\t\t\t<\/div>\n\t\t\t\t\t\t<\/div>\n\t\t\t\t\t<\/div>\n\t\t<\/div>\n\t\t\t\t\t\t\t\t<\/div>\n\t\t\t\t\t<\/div>\n\t\t<\/section>\n\t\t\t\t\t\t<\/div>\n\t\t\t\t\t\t<\/div>\n\t\t\t\t\t<\/div>\n\t\t","protected":false},"excerpt":{"rendered":"<p>14. Dzie\u0144 26. pa\u017adziernika 2020 Matko najmilsza, m\u00f3dl si\u0119 za nami. S\u0142owo \u017bycia:\u201eGdy Jezus j\u0105 zobaczy\u0142, przywo\u0142a\u0142 j\u0105 i rzek\u0142 do niej: \u00abNiewiasto, jeste\u015b wolna od swej niemocy\u00bb. Po\u0142o\u017cy\u0142 na ni\u0105 r\u0119ce, a natychmiast wyprostowa\u0142a si\u0119 i chwali\u0142a Boga.\u201d (\u0141k 13, 12-13) Ks. Mateusz: Matka najmilsza.Mi\u0142y Bogu jest ten, kto s\u0142ucha Jego S\u0142owa. Maryja jest &hellip;<\/p>\n<p class=\"read-more\"> <a class=\"\" href=\"https:\/\/sercematki.eu\/?page_id=2125\"> <span class=\"screen-reader-text\">14. Dzie\u0144 26. pa\u017adziernika 2020<\/span> Read More &raquo;<\/a><\/p>\n","protected":false},"author":1,"featured_media":0,"parent":0,"menu_order":0,"comment_status":"closed","ping_status":"closed","template":"","meta":[],"yoast_head":"<!-- This site is optimized with the Yoast SEO plugin v15.0 - https:\/\/yoast.com\/wordpress\/plugins\/seo\/ -->\n<title>14. Dzie\u0144 26. pa\u017adziernika 2020 - sercematki.eu<\/title>\n<meta name=\"robots\" content=\"index, follow, max-snippet:-1, max-image-preview:large, max-video-preview:-1\" \/>\n<link rel=\"canonical\" href=\"http:\/\/sercematki.eu\/?page_id=2125\" \/>\n<meta property=\"og:locale\" content=\"pl_PL\" \/>\n<meta property=\"og:type\" content=\"article\" \/>\n<meta property=\"og:title\" content=\"14. Dzie\u0144 26. pa\u017adziernika 2020 - sercematki.eu\" \/>\n<meta property=\"og:description\" content=\"14. Dzie\u0144 26. pa\u017adziernika 2020 Matko najmilsza, m\u00f3dl si\u0119 za nami. S\u0142owo \u017bycia:\u201eGdy Jezus j\u0105 zobaczy\u0142, przywo\u0142a\u0142 j\u0105 i rzek\u0142 do niej: \u00abNiewiasto, jeste\u015b wolna od swej niemocy\u00bb. Po\u0142o\u017cy\u0142 na ni\u0105 r\u0119ce, a natychmiast wyprostowa\u0142a si\u0119 i chwali\u0142a Boga.\u201d (\u0141k 13, 12-13) Ks. Mateusz: Matka najmilsza.Mi\u0142y Bogu jest ten, kto s\u0142ucha Jego S\u0142owa. Maryja jest &hellip; 14. Dzie\u0144 26. pa\u017adziernika 2020 Read More &raquo;\" \/>\n<meta property=\"og:url\" content=\"http:\/\/sercematki.eu\/?page_id=2125\" \/>\n<meta property=\"og:site_name\" content=\"sercematki.eu\" \/>\n<meta property=\"article:modified_time\" content=\"2020-10-25T22:24:06+00:00\" \/>\n<meta name=\"twitter:card\" content=\"summary_large_image\" \/>\n<script type=\"application\/ld+json\" class=\"yoast-schema-graph\">{\"@context\":\"https:\/\/schema.org\",\"@graph\":[{\"@type\":\"WebSite\",\"@id\":\"https:\/\/sercematki.eu\/#website\",\"url\":\"https:\/\/sercematki.eu\/\",\"name\":\"sercematki.eu\",\"description\":\"33 bicia serca\",\"potentialAction\":[{\"@type\":\"SearchAction\",\"target\":\"https:\/\/sercematki.eu\/?s={search_term_string}\",\"query-input\":\"required name=search_term_string\"}],\"inLanguage\":\"pl-PL\"},{\"@type\":\"WebPage\",\"@id\":\"http:\/\/sercematki.eu\/?page_id=2125#webpage\",\"url\":\"http:\/\/sercematki.eu\/?page_id=2125\",\"name\":\"14. Dzie\\u0144 26. pa\\u017adziernika 2020 - sercematki.eu\",\"isPartOf\":{\"@id\":\"https:\/\/sercematki.eu\/#website\"},\"datePublished\":\"2020-05-19T08:31:19+00:00\",\"dateModified\":\"2020-10-25T22:24:06+00:00\",\"inLanguage\":\"pl-PL\",\"potentialAction\":[{\"@type\":\"ReadAction\",\"target\":[\"http:\/\/sercematki.eu\/?page_id=2125\"]}]}]}<\/script>\n<!-- \/ Yoast SEO plugin. -->","_links":{"self":[{"href":"https:\/\/sercematki.eu\/index.php?rest_route=\/wp\/v2\/pages\/2125"}],"collection":[{"href":"https:\/\/sercematki.eu\/index.php?rest_route=\/wp\/v2\/pages"}],"about":[{"href":"https:\/\/sercematki.eu\/index.php?rest_route=\/wp\/v2\/types\/page"}],"author":[{"embeddable":true,"href":"https:\/\/sercematki.eu\/index.php?rest_route=\/wp\/v2\/users\/1"}],"replies":[{"embeddable":true,"href":"https:\/\/sercematki.eu\/index.php?rest_route=%2Fwp%2Fv2%2Fcomments&post=2125"}],"version-history":[{"count":1,"href":"https:\/\/sercematki.eu\/index.php?rest_route=\/wp\/v2\/pages\/2125\/revisions"}],"predecessor-version":[{"id":3739,"href":"https:\/\/sercematki.eu\/index.php?rest_route=\/wp\/v2\/pages\/2125\/revisions\/3739"}],"wp:attachment":[{"href":"https:\/\/sercematki.eu\/index.php?rest_route=%2Fwp%2Fv2%2Fmedia&parent=2125"}],"curies":[{"name":"wp","href":"https:\/\/api.w.org\/{rel}","templated":true}]}}