{"id":2129,"date":"2020-05-19T10:31:53","date_gmt":"2020-05-19T08:31:53","guid":{"rendered":"http:\/\/sercematki.eu\/?page_id=2129"},"modified":"2020-10-27T22:14:15","modified_gmt":"2020-10-27T21:14:15","slug":"dzien-16","status":"publish","type":"page","link":"https:\/\/sercematki.eu\/?page_id=2129","title":{"rendered":"16. Dzie\u0144 28. pa\u017adziernika 2020"},"content":{"rendered":"\t\t<div data-elementor-type=\"wp-page\" data-elementor-id=\"2129\" class=\"elementor elementor-2129\" data-elementor-settings=\"[]\">\n\t\t\t\t\t\t<div class=\"elementor-inner\">\n\t\t\t\t\t\t\t<div class=\"elementor-section-wrap\">\n\t\t\t\t\t\t\t<section class=\"elementor-section elementor-top-section elementor-element elementor-element-b2c6fcc elementor-section-boxed elementor-section-height-default elementor-section-height-default\" data-id=\"b2c6fcc\" data-element_type=\"section\">\n\t\t\t\t\t\t<div class=\"elementor-container elementor-column-gap-default\">\n\t\t\t\t\t\t\t<div class=\"elementor-row\">\n\t\t\t\t\t<div class=\"elementor-column elementor-col-100 elementor-top-column elementor-element elementor-element-bc626c1\" data-id=\"bc626c1\" data-element_type=\"column\">\n\t\t\t<div class=\"elementor-column-wrap elementor-element-populated\">\n\t\t\t\t\t\t\t<div class=\"elementor-widget-wrap\">\n\t\t\t\t\t\t<div class=\"elementor-element elementor-element-9caf694 elementor-widget elementor-widget-heading\" data-id=\"9caf694\" data-element_type=\"widget\" data-widget_type=\"heading.default\">\n\t\t\t\t<div class=\"elementor-widget-container\">\n\t\t\t<h2 class=\"elementor-heading-title elementor-size-default\">16. Dzie\u0144 28. pa\u017adziernika 2020<\/h2>\t\t<\/div>\n\t\t\t\t<\/div>\n\t\t\t\t<div class=\"elementor-element elementor-element-18a094f elementor-widget-divider--view-line elementor-widget elementor-widget-divider\" data-id=\"18a094f\" data-element_type=\"widget\" data-widget_type=\"divider.default\">\n\t\t\t\t<div class=\"elementor-widget-container\">\n\t\t\t\t\t<div class=\"elementor-divider\">\n\t\t\t<span class=\"elementor-divider-separator\">\n\t\t\t\t\t\t<\/span>\n\t\t<\/div>\n\t\t\t\t<\/div>\n\t\t\t\t<\/div>\n\t\t\t\t<div class=\"elementor-element elementor-element-39f15f2 elementor-invisible elementor-widget elementor-widget-text-editor\" data-id=\"39f15f2\" data-element_type=\"widget\" data-settings=\"{&quot;_animation&quot;:&quot;pulse&quot;}\" data-widget_type=\"text-editor.default\">\n\t\t\t\t<div class=\"elementor-widget-container\">\n\t\t\t\t\t<div class=\"elementor-text-editor elementor-clearfix\"><p><em>Matko dobrej rady, m\u00f3dl si\u0119 za nami.<\/em><\/p><\/div>\n\t\t\t\t<\/div>\n\t\t\t\t<\/div>\n\t\t\t\t<div class=\"elementor-element elementor-element-3d32c82 elementor-widget elementor-widget-text-editor\" data-id=\"3d32c82\" data-element_type=\"widget\" data-widget_type=\"text-editor.default\">\n\t\t\t\t<div class=\"elementor-widget-container\">\n\t\t\t\t\t<div class=\"elementor-text-editor elementor-clearfix\"><p><b>S\u0142owo \u017bycia:<\/b><br \/>\u201eZdarzy\u0142o si\u0119, \u017ce Jezus wyszed\u0142 na g\u00f3r\u0119, aby si\u0119 modli\u0107, i ca\u0142\u0105 noc sp\u0119dzi\u0142 na modlitwie do Boga.\u201d (\u0141k 6, 12)<\/p><p><b>Ks. Mateusz: <\/b><br \/>Matka dobrej rady.<br \/>Najlepsz\u0105 rad\u0105 jak\u0105 wypowiedzia\u0142a Maryja w Pi\u015bmie \u015awi\u0119tym s\u0105 s\u0142owa z Kany Galilejskiej: \u201eZr\u00f3bcie wszystko cokol-wiek wam powie\u201d. <br \/>Aby robi\u0107 to, co m\u00f3wi Jezus, trzeba Go stale poznawa\u0107 i ws\u0142uchiwa\u0107 w Jego S\u0142owo. Parafrazuj\u0105c s\u0142owa \u015bw. Hieronima mo\u017cemy powiedzie\u0107: \u201eznajomo\u015b\u0107 Pisma \u015awi\u0119tego jest znajomo\u015bci\u0105 Chrystusa\u201d. <br \/>Korzystajmy z dobrej rady naszej Matki i czytajmy codziennie S\u0142owo Bo\u017ce. W ten spos\u00f3b poznajemy naszego Pana i Zbawiciela.<br \/>Niech teksty Liturgii S\u0142owa b\u0119d\u0105 dla nas prawdziwymi \u201es\u0142owami \u017cycia\u201d.<\/p><p><b>Marek:<\/b><br \/>Przyjaz\u0301n\u0301 wobec siebie rodzi wielka\u0328 potrzebe\u0328 refleksji nad tym, kim jestem i kim chcia\u0142bym byc\u0301. <br \/>Na modlitwie poznajemy siebie i jednoczes\u0301nie odkrywamy dzia\u0142anie Boga w naszym \u017cyciu. <br \/>Czasem doznajemy smutku z powodu naszych upadk\u00f3w, kt\u00f3rych dos\u0301wiadczamy, ale zarazem rados\u0301ci z cia\u0328g\u0142ej obecnos\u0301ci z\u0307yczliwych nam ludzi i Boz\u0307ej mi\u0142os\u0301ci. <br \/>Modlitwa uczy pokory wzgle\u0328dem siebie, pozwala r\u00f3wniez\u0307 z pewna\u0328 duma\u0328 i odwaga\u0328 patrzec\u0301 w przysz\u0142os\u0301c\u0301, poniewaz\u0307 wierz\u0119, \u017ce B\u00f3g i ludzie chca\u0328 mi pom\u00f3c w dojrzewaniu do ma\u0328dros\u0301ci. <br \/>Maryja jako Matka dobrej rady przypomina nam, \u017ce regularna modlitwa jest skutecznym lekiem, kt\u00f3ry chroni nasze serce przed utrat\u0105 sensu \u017cycia oraz pych\u0105 umys\u0142u. Dlatego stale nam przypomina: Odmawiajcie r\u00f3\u017caniec codziennie! <br \/>Czy wiem, \u017ce lekarstwo dzia\u0142a kiedy si\u0119 je za\u017cywa?<\/p><p><b>\u015aw. Jan Pawe\u0142 II:<\/b> \u201eBez Maryi Ewangelia staje si\u0119 bezcielesna i bezkszta\u0142tna, przemienia si\u0119 w ideologi\u0119, w duchowy racjonalizm\u201d (Watykan, 8 wrze\u015bnia 1993).<\/p><p><b>ks. kard. Stefan Wyszy\u0144ski:<\/b> \u201ePodobnie jak Maryja wykonuje swe pos\u0142annictwo macierzy\u0144skie w spos\u00f3b duchowy w stosunku do wyznawc\u00f3w swego Syna ca\u0142ej ludzko\u015bci, czyli Ludu Bo\u017cego, tak i kobieta, ka\u017cda kobieta, powo\u0142ana jest do macierzy\u0144stwa w \u017cyciu rodzinnym, zakonnym czy w apostolstwie.\u201d (Warszawa 1967 r.)<\/p><p><i>Zadanie rekolekcyjne:<\/i><br \/>Odm\u00f3w r\u00f3\u017caniec &#8211; najlepiej we wsp\u00f3lnocie.<\/p><p><i>\u0106wiczenie dodatkowe: <\/i><br \/>Zaplanuj czytanie i rozwa\u017cania S\u0142owa Bo\u017cego &#8211; warto opr\u00f3cz codziennej liturgii S\u0142owa \u201ez dnia\u201d czyta\u0107 tak\u017ce poszczeg\u00f3lne ksi\u0119gi z Biblii &#8211; np. Ewangeli\u0119 \u015bw. \u0141ukasza &#8211; codziennie 5-10 minut?<\/p><\/div>\n\t\t\t\t<\/div>\n\t\t\t\t<\/div>\n\t\t\t\t<div class=\"elementor-element elementor-element-315f100 elementor-invisible elementor-widget elementor-widget-text-editor\" data-id=\"315f100\" data-element_type=\"widget\" data-settings=\"{&quot;_animation&quot;:&quot;pulse&quot;}\" data-widget_type=\"text-editor.default\">\n\t\t\t\t<div class=\"elementor-widget-container\">\n\t\t\t\t\t<div class=\"elementor-text-editor elementor-clearfix\"><h2><a href=\"http:\/\/sercematki.eu\/wp-content\/uploads\/2020\/10\/SERCE-MATKI-_-dzien-16.pdf\" target=\"_blank\" rel=\"noopener\">SERCE MATKI rozwa\u017cania na 16. dzie\u0144 DO WYDRUKU<\/a><\/h2><\/div>\n\t\t\t\t<\/div>\n\t\t\t\t<\/div>\n\t\t\t\t<div class=\"elementor-element elementor-element-6f900c8 elementor-aspect-ratio-169 elementor-widget elementor-widget-video\" data-id=\"6f900c8\" data-element_type=\"widget\" data-settings=\"{&quot;aspect_ratio&quot;:&quot;169&quot;}\" data-widget_type=\"video.default\">\n\t\t\t\t<div class=\"elementor-widget-container\">\n\t\t\t\t\t<div class=\"elementor-wrapper elementor-fit-aspect-ratio elementor-open-inline\">\n\t\t\t<iframe class=\"elementor-video-iframe\" allowfullscreen title=\"youtube Video Player\" src=\"https:\/\/www.youtube.com\/embed\/9LOJQPD2lD8?feature=oembed&amp;start&amp;end&amp;wmode=opaque&amp;loop=0&amp;controls=1&amp;mute=0&amp;rel=0&amp;modestbranding=0\"><\/iframe>\t\t<\/div>\n\t\t\t\t<\/div>\n\t\t\t\t<\/div>\n\t\t\t\t\t\t<\/div>\n\t\t\t\t\t<\/div>\n\t\t<\/div>\n\t\t\t\t\t\t\t\t<\/div>\n\t\t\t\t\t<\/div>\n\t\t<\/section>\n\t\t\t\t\t\t<\/div>\n\t\t\t\t\t\t<\/div>\n\t\t\t\t\t<\/div>\n\t\t","protected":false},"excerpt":{"rendered":"<p>16. Dzie\u0144 28. pa\u017adziernika 2020 Matko dobrej rady, m\u00f3dl si\u0119 za nami. S\u0142owo \u017bycia:\u201eZdarzy\u0142o si\u0119, \u017ce Jezus wyszed\u0142 na g\u00f3r\u0119, aby si\u0119 modli\u0107, i ca\u0142\u0105 noc sp\u0119dzi\u0142 na modlitwie do Boga.\u201d (\u0141k 6, 12) Ks. Mateusz: Matka dobrej rady.Najlepsz\u0105 rad\u0105 jak\u0105 wypowiedzia\u0142a Maryja w Pi\u015bmie \u015awi\u0119tym s\u0105 s\u0142owa z Kany Galilejskiej: \u201eZr\u00f3bcie wszystko cokol-wiek wam &hellip;<\/p>\n<p class=\"read-more\"> <a class=\"\" href=\"https:\/\/sercematki.eu\/?page_id=2129\"> <span class=\"screen-reader-text\">16. Dzie\u0144 28. pa\u017adziernika 2020<\/span> Read More &raquo;<\/a><\/p>\n","protected":false},"author":1,"featured_media":0,"parent":0,"menu_order":0,"comment_status":"closed","ping_status":"closed","template":"","meta":[],"yoast_head":"<!-- This site is optimized with the Yoast SEO plugin v15.0 - https:\/\/yoast.com\/wordpress\/plugins\/seo\/ -->\n<title>16. Dzie\u0144 28. pa\u017adziernika 2020 - sercematki.eu<\/title>\n<meta name=\"robots\" content=\"index, follow, max-snippet:-1, max-image-preview:large, max-video-preview:-1\" \/>\n<link rel=\"canonical\" href=\"http:\/\/sercematki.eu\/?page_id=2129\" \/>\n<meta property=\"og:locale\" content=\"pl_PL\" \/>\n<meta property=\"og:type\" content=\"article\" \/>\n<meta property=\"og:title\" content=\"16. Dzie\u0144 28. pa\u017adziernika 2020 - sercematki.eu\" \/>\n<meta property=\"og:description\" content=\"16. Dzie\u0144 28. pa\u017adziernika 2020 Matko dobrej rady, m\u00f3dl si\u0119 za nami. S\u0142owo \u017bycia:\u201eZdarzy\u0142o si\u0119, \u017ce Jezus wyszed\u0142 na g\u00f3r\u0119, aby si\u0119 modli\u0107, i ca\u0142\u0105 noc sp\u0119dzi\u0142 na modlitwie do Boga.\u201d (\u0141k 6, 12) Ks. Mateusz: Matka dobrej rady.Najlepsz\u0105 rad\u0105 jak\u0105 wypowiedzia\u0142a Maryja w Pi\u015bmie \u015awi\u0119tym s\u0105 s\u0142owa z Kany Galilejskiej: \u201eZr\u00f3bcie wszystko cokol-wiek wam &hellip; 16. Dzie\u0144 28. pa\u017adziernika 2020 Read More &raquo;\" \/>\n<meta property=\"og:url\" content=\"http:\/\/sercematki.eu\/?page_id=2129\" \/>\n<meta property=\"og:site_name\" content=\"sercematki.eu\" \/>\n<meta property=\"article:modified_time\" content=\"2020-10-27T21:14:15+00:00\" \/>\n<meta name=\"twitter:card\" content=\"summary_large_image\" \/>\n<script type=\"application\/ld+json\" class=\"yoast-schema-graph\">{\"@context\":\"https:\/\/schema.org\",\"@graph\":[{\"@type\":\"WebSite\",\"@id\":\"https:\/\/sercematki.eu\/#website\",\"url\":\"https:\/\/sercematki.eu\/\",\"name\":\"sercematki.eu\",\"description\":\"33 bicia serca\",\"potentialAction\":[{\"@type\":\"SearchAction\",\"target\":\"https:\/\/sercematki.eu\/?s={search_term_string}\",\"query-input\":\"required name=search_term_string\"}],\"inLanguage\":\"pl-PL\"},{\"@type\":\"WebPage\",\"@id\":\"http:\/\/sercematki.eu\/?page_id=2129#webpage\",\"url\":\"http:\/\/sercematki.eu\/?page_id=2129\",\"name\":\"16. Dzie\\u0144 28. pa\\u017adziernika 2020 - sercematki.eu\",\"isPartOf\":{\"@id\":\"https:\/\/sercematki.eu\/#website\"},\"datePublished\":\"2020-05-19T08:31:53+00:00\",\"dateModified\":\"2020-10-27T21:14:15+00:00\",\"inLanguage\":\"pl-PL\",\"potentialAction\":[{\"@type\":\"ReadAction\",\"target\":[\"http:\/\/sercematki.eu\/?page_id=2129\"]}]}]}<\/script>\n<!-- \/ Yoast SEO plugin. -->","_links":{"self":[{"href":"https:\/\/sercematki.eu\/index.php?rest_route=\/wp\/v2\/pages\/2129"}],"collection":[{"href":"https:\/\/sercematki.eu\/index.php?rest_route=\/wp\/v2\/pages"}],"about":[{"href":"https:\/\/sercematki.eu\/index.php?rest_route=\/wp\/v2\/types\/page"}],"author":[{"embeddable":true,"href":"https:\/\/sercematki.eu\/index.php?rest_route=\/wp\/v2\/users\/1"}],"replies":[{"embeddable":true,"href":"https:\/\/sercematki.eu\/index.php?rest_route=%2Fwp%2Fv2%2Fcomments&post=2129"}],"version-history":[{"count":1,"href":"https:\/\/sercematki.eu\/index.php?rest_route=\/wp\/v2\/pages\/2129\/revisions"}],"predecessor-version":[{"id":3749,"href":"https:\/\/sercematki.eu\/index.php?rest_route=\/wp\/v2\/pages\/2129\/revisions\/3749"}],"wp:attachment":[{"href":"https:\/\/sercematki.eu\/index.php?rest_route=%2Fwp%2Fv2%2Fmedia&parent=2129"}],"curies":[{"name":"wp","href":"https:\/\/api.w.org\/{rel}","templated":true}]}}