{"id":3430,"date":"2020-09-27T18:50:20","date_gmt":"2020-09-27T16:50:20","guid":{"rendered":"http:\/\/sercematki.eu\/?page_id=3430"},"modified":"2020-11-28T15:21:20","modified_gmt":"2020-11-28T14:21:20","slug":"48-dzien-29-listopada-2020","status":"publish","type":"page","link":"https:\/\/sercematki.eu\/?page_id=3430","title":{"rendered":"48. Dzie\u0144 29. listopada 2020"},"content":{"rendered":"\t\t<div data-elementor-type=\"wp-page\" data-elementor-id=\"3430\" class=\"elementor elementor-3430\" data-elementor-settings=\"[]\">\n\t\t\t\t\t\t<div class=\"elementor-inner\">\n\t\t\t\t\t\t\t<div class=\"elementor-section-wrap\">\n\t\t\t\t\t\t\t<section class=\"elementor-section elementor-top-section elementor-element elementor-element-d63bc98 elementor-section-boxed elementor-section-height-default elementor-section-height-default\" data-id=\"d63bc98\" data-element_type=\"section\">\n\t\t\t\t\t\t<div class=\"elementor-container elementor-column-gap-default\">\n\t\t\t\t\t\t\t<div class=\"elementor-row\">\n\t\t\t\t\t<div class=\"elementor-column elementor-col-100 elementor-top-column elementor-element elementor-element-1a31652\" data-id=\"1a31652\" data-element_type=\"column\">\n\t\t\t<div class=\"elementor-column-wrap elementor-element-populated\">\n\t\t\t\t\t\t\t<div class=\"elementor-widget-wrap\">\n\t\t\t\t\t\t<div class=\"elementor-element elementor-element-03e1fed elementor-widget elementor-widget-heading\" data-id=\"03e1fed\" data-element_type=\"widget\" data-widget_type=\"heading.default\">\n\t\t\t\t<div class=\"elementor-widget-container\">\n\t\t\t<h2 class=\"elementor-heading-title elementor-size-default\">48. Dzie\u0144 29. listopada 2020<\/h2>\t\t<\/div>\n\t\t\t\t<\/div>\n\t\t\t\t\t\t<\/div>\n\t\t\t\t\t<\/div>\n\t\t<\/div>\n\t\t\t\t\t\t\t\t<\/div>\n\t\t\t\t\t<\/div>\n\t\t<\/section>\n\t\t\t\t<section class=\"elementor-section elementor-top-section elementor-element elementor-element-56fc48c elementor-section-boxed elementor-section-height-default elementor-section-height-default\" data-id=\"56fc48c\" data-element_type=\"section\">\n\t\t\t\t\t\t<div class=\"elementor-container elementor-column-gap-default\">\n\t\t\t\t\t\t\t<div class=\"elementor-row\">\n\t\t\t\t\t<div class=\"elementor-column elementor-col-100 elementor-top-column elementor-element elementor-element-a2c0907\" data-id=\"a2c0907\" data-element_type=\"column\">\n\t\t\t<div class=\"elementor-column-wrap elementor-element-populated\">\n\t\t\t\t\t\t\t<div class=\"elementor-widget-wrap\">\n\t\t\t\t\t\t<div class=\"elementor-element elementor-element-ed08d20 elementor-invisible elementor-widget elementor-widget-text-editor\" data-id=\"ed08d20\" data-element_type=\"widget\" data-settings=\"{&quot;_animation&quot;:&quot;pulse&quot;}\" data-widget_type=\"text-editor.default\">\n\t\t\t\t<div class=\"elementor-widget-container\">\n\t\t\t\t\t<div class=\"elementor-text-editor elementor-clearfix\"><p><em>Kr\u00f3lowo wyznawc\u00f3w, m\u00f3dl si\u0119 za nami.<\/em><\/p><\/div>\n\t\t\t\t<\/div>\n\t\t\t\t<\/div>\n\t\t\t\t<div class=\"elementor-element elementor-element-e7a7a34 elementor-widget elementor-widget-text-editor\" data-id=\"e7a7a34\" data-element_type=\"widget\" data-widget_type=\"text-editor.default\">\n\t\t\t\t<div class=\"elementor-widget-container\">\n\t\t\t\t\t<div class=\"elementor-text-editor elementor-clearfix\"><p><b>S\u0142owo \u017bycia:<\/b><br \/>\u201eLecz co wam m\u00f3wi\u0119, do wszystkich m\u00f3wi\u0119: Czuwajcie!\u201d (Mk 13, 37)<\/p><p><b>Ks. Mateusz: <\/b><br \/>Kr\u00f3lowa Wyznawc\u00f3w.<br \/>Wyznawcami okre\u015blano tych, kt\u00f3rzy ca\u0142ym \u017cyciem \u015bwiadczyli o Chrystusie i zmarli \u015bmierci\u0105 naturaln\u0105. Wyznawcy to ci, kt\u00f3rzy niejednokrotnie znosili obelgi, zniewagi i przetrwali prze\u015bladowania.<br \/>Umi\u0142owany ucze\u0144 Jan przekonuje: \u201dJe\u015bli kto wyznaje, \u017ce Jezus jest Synem Bo\u017cym, to B\u00f3g trwa w nim, a on w Bogu&#8221; (1 J 4, 15). Maryja jest Kr\u00f3low\u0105 Wyznawc\u00f3w, poniewa\u017c jako pierwsza ca\u0142\u0105 Sob\u0105 \u015bwiadczy\u0142a o Chrystusie.<br \/>Na zako\u0144czenie Eucharystii s\u0142yszymy s\u0142owa kap\u0142ana: \u201eId\u017acie w pokoju Chrystusa\u201d. Jeste\u015bmy pos\u0142ani do wyznawania Jezusa w naszych \u015brodowiskach i w miejscach pracy.<br \/>Uczmy si\u0119 od Maryi &#8211; Kr\u00f3lowej Wyznawc\u00f3w &#8211; \u015bwiadczenia o Ewangelii Jezusa ca\u0142ym naszym \u017cyciem.<\/p><p><b>Marek:<\/b><br \/>Ewangelizacja to ci\u0105g\u0142a \u201eakcja ratunkowa\u201d, poniewa\u017c \u017cycie wieczne ka\u017cdego cz\u0142owieka nie jest zapisane w gwiazdach! W tej drodze potrzeba nie lada odwagi oraz deklaracji! Jednak wielu wsp\u00f3\u0142czesnych wyznawc\u00f3w odczuwa le\u0328k przed deklarowaniem tego, co jest cza\u0328stka\u0328 ich toz\u0307samos\u0301ci osobistej. Che\u0328tniej skupiaja\u0328 sie\u0328 na toz\u0307samos\u0301ci og\u00f3lnej. Narzekaja\u0328, ubolewaja\u0328 na systemy, \u0142atwo obwiniaja\u0328 innych za b\u0142\u0119dy, lecz milkna\u0328, kiedy dotyczy to osobistych wybor\u00f3w, jasnych deklaracji, czy wiernos\u0301ci w ich dochowaniu. <br \/>Maryja uczy nas, \u017ce nie mo\u017cna pod\u0105\u017ca\u0107 bezrefleksyjnie za zmianami, kt\u00f3re proponuje nam \u015bwiat. Najwa\u017cniejsze, aby czujnie i umiej\u0119tnie broni\u0107, tego co warto\u015bciowe i niezb\u0119dne, do wyra\u017cenia swojej wiary w tw\u00f3rcz\u0105 obecno\u015b\u0107 Boga, w \u017cyciu spo\u0142ecznym, kulturowym i dziele zbawienia. Czy jestem otwarty do przyj\u0119cia takiej postawy czuwania i dzia\u0142ania?<\/p><p><b>\u015aw. Jan Pawe\u0142 II:<\/b> \u201eMaryja jest dla was wzorem otwarcia si\u0119 na dar Bo\u017cy i przyj\u0119cia \u0142aski przez cz\u0142owieka, wzorem ca\u0142kowitego oddania si\u0119 Bogu nade wszystko umi\u0142owanemu. Na Bo\u017cy dar odpowiedzia\u0142a pos\u0142usze\u0144stwem wiary, kt\u00f3rym naznaczone by\u0142o ca\u0142e Jej \u017cycie. Na co dzie\u0144 obcowa\u0142a z niewypowiedzian\u0105 tajemnic\u0105 Syna Bo\u017cego, nie tylko w \u017cyciu ukrytym Jezusa, gdy wraz z J\u00f3zefem przy Nim trwa\u0142a, ale r\u00f3wnie\u017c w decyduj\u0105cych chwilach publicznej dzia\u0142alno\u015bci, a zw\u0142aszcza na Kalwarii, gdy pod krzy\u017cem by\u0142a najg\u0142\u0119biej z Nim zjednoczona w cierpieniu i uwielbieniu Boga.\u201d(Or\u0119dzie papieskie do os\u00f3b konsekrowanych, Jasna G\u00f3ra, 4 czerwca 1997 r.)<\/p><p><b>ks. kard. Stefan Wyszy\u0144ski:<\/b> \u201eB\u0119dziemy Ci \u015blubowali, bo widzimy, \u017ce gdy tak wiele zmienia si\u0119 na \u015bwiecie, to co si\u0119 pocz\u0119\u0142o jako s\u0142odki Owoc \u017bywota Twojego &#8211; jedynie trwa. Chrystus nie umiera! Stoi Jego Krzy\u017c, przepowiadana jest Ewangelia, kap\u0142ani wci\u0105\u017c spe\u0142niaj\u0105 Chrystusowe pos\u0142annictwo: \u201eTo czy\u0144cie na moj\u0105 pami\u0105tk\u0119\u201d. Pasterze nie zawodz\u0105. Rodzina, zmagaj\u0105c si\u0119 z najwi\u0119kszymi trudno\u015bciami, nadal broni \u017cycia Narodu, a natchnienie do mi\u0142o\u015bci i sprawiedliwo\u015bci spo\u0142ecznej ci\u0105gle p\u0142ynie z najwspanialszego Manifestu Bo\u017cego &#8211; z Ewangelii Chrystusowej.\u201d(Jasna G\u00f3ra 1957 r.)<\/p><p>Z<i>adanie rekolekcyjne:<\/i><br \/>Odm\u00f3w r\u00f3\u017caniec &#8211; najlepiej we wsp\u00f3lnocie.<\/p><p><i>\u0106wiczenie dodatkowe: <\/i><br \/>Pom\u00f3dl si\u0119 za zmar\u0142ych i ofiaruj odpust zupe\u0142ny.<\/p><\/div>\n\t\t\t\t<\/div>\n\t\t\t\t<\/div>\n\t\t\t\t<div class=\"elementor-element elementor-element-938c96c elementor-invisible elementor-widget elementor-widget-text-editor\" data-id=\"938c96c\" data-element_type=\"widget\" data-settings=\"{&quot;_animation&quot;:&quot;pulse&quot;}\" data-widget_type=\"text-editor.default\">\n\t\t\t\t<div class=\"elementor-widget-container\">\n\t\t\t\t\t<div class=\"elementor-text-editor elementor-clearfix\"><h2><a href=\"http:\/\/sercematki.eu\/wp-content\/uploads\/2020\/11\/SERCE-MATKI-_-dzien-48..pdf\" target=\"_blank\" rel=\"noopener\">SERCE MATKI rozwa\u017cania na 48. dzie\u0144 DO WYDRUKU<\/a><\/h2><\/div>\n\t\t\t\t<\/div>\n\t\t\t\t<\/div>\n\t\t\t\t<div class=\"elementor-element elementor-element-1f03d00 elementor-aspect-ratio-169 elementor-widget elementor-widget-video\" data-id=\"1f03d00\" data-element_type=\"widget\" data-settings=\"{&quot;aspect_ratio&quot;:&quot;169&quot;}\" data-widget_type=\"video.default\">\n\t\t\t\t<div class=\"elementor-widget-container\">\n\t\t\t\t\t<div class=\"elementor-wrapper elementor-fit-aspect-ratio elementor-open-inline\">\n\t\t\t<iframe class=\"elementor-video-iframe\" allowfullscreen title=\"youtube Video Player\" src=\"https:\/\/www.youtube.com\/embed\/PW3EUgzlOq4?feature=oembed&amp;start&amp;end&amp;wmode=opaque&amp;loop=0&amp;controls=1&amp;mute=0&amp;rel=0&amp;modestbranding=0\"><\/iframe>\t\t<\/div>\n\t\t\t\t<\/div>\n\t\t\t\t<\/div>\n\t\t\t\t\t\t<\/div>\n\t\t\t\t\t<\/div>\n\t\t<\/div>\n\t\t\t\t\t\t\t\t<\/div>\n\t\t\t\t\t<\/div>\n\t\t<\/section>\n\t\t\t\t\t\t<\/div>\n\t\t\t\t\t\t<\/div>\n\t\t\t\t\t<\/div>\n\t\t","protected":false},"excerpt":{"rendered":"<p>48. Dzie\u0144 29. listopada 2020 Kr\u00f3lowo wyznawc\u00f3w, m\u00f3dl si\u0119 za nami. S\u0142owo \u017bycia:\u201eLecz co wam m\u00f3wi\u0119, do wszystkich m\u00f3wi\u0119: Czuwajcie!\u201d (Mk 13, 37) Ks. Mateusz: Kr\u00f3lowa Wyznawc\u00f3w.Wyznawcami okre\u015blano tych, kt\u00f3rzy ca\u0142ym \u017cyciem \u015bwiadczyli o Chrystusie i zmarli \u015bmierci\u0105 naturaln\u0105. Wyznawcy to ci, kt\u00f3rzy niejednokrotnie znosili obelgi, zniewagi i przetrwali prze\u015bladowania.Umi\u0142owany ucze\u0144 Jan przekonuje: \u201dJe\u015bli kto &hellip;<\/p>\n<p class=\"read-more\"> <a class=\"\" href=\"https:\/\/sercematki.eu\/?page_id=3430\"> <span class=\"screen-reader-text\">48. Dzie\u0144 29. listopada 2020<\/span> Read More &raquo;<\/a><\/p>\n","protected":false},"author":2,"featured_media":0,"parent":0,"menu_order":0,"comment_status":"closed","ping_status":"closed","template":"","meta":[],"yoast_head":"<!-- This site is optimized with the Yoast SEO plugin v15.0 - https:\/\/yoast.com\/wordpress\/plugins\/seo\/ -->\n<title>48. Dzie\u0144 29. listopada 2020 - sercematki.eu<\/title>\n<meta name=\"robots\" content=\"index, follow, max-snippet:-1, max-image-preview:large, max-video-preview:-1\" \/>\n<link rel=\"canonical\" href=\"http:\/\/sercematki.eu\/?page_id=3430\" \/>\n<meta property=\"og:locale\" content=\"pl_PL\" \/>\n<meta property=\"og:type\" content=\"article\" \/>\n<meta property=\"og:title\" content=\"48. Dzie\u0144 29. listopada 2020 - sercematki.eu\" \/>\n<meta property=\"og:description\" content=\"48. Dzie\u0144 29. listopada 2020 Kr\u00f3lowo wyznawc\u00f3w, m\u00f3dl si\u0119 za nami. S\u0142owo \u017bycia:\u201eLecz co wam m\u00f3wi\u0119, do wszystkich m\u00f3wi\u0119: Czuwajcie!\u201d (Mk 13, 37) Ks. Mateusz: Kr\u00f3lowa Wyznawc\u00f3w.Wyznawcami okre\u015blano tych, kt\u00f3rzy ca\u0142ym \u017cyciem \u015bwiadczyli o Chrystusie i zmarli \u015bmierci\u0105 naturaln\u0105. Wyznawcy to ci, kt\u00f3rzy niejednokrotnie znosili obelgi, zniewagi i przetrwali prze\u015bladowania.Umi\u0142owany ucze\u0144 Jan przekonuje: \u201dJe\u015bli kto &hellip; 48. Dzie\u0144 29. listopada 2020 Read More &raquo;\" \/>\n<meta property=\"og:url\" content=\"http:\/\/sercematki.eu\/?page_id=3430\" \/>\n<meta property=\"og:site_name\" content=\"sercematki.eu\" \/>\n<meta property=\"article:modified_time\" content=\"2020-11-28T14:21:20+00:00\" \/>\n<meta name=\"twitter:card\" content=\"summary_large_image\" \/>\n<script type=\"application\/ld+json\" class=\"yoast-schema-graph\">{\"@context\":\"https:\/\/schema.org\",\"@graph\":[{\"@type\":\"WebSite\",\"@id\":\"https:\/\/sercematki.eu\/#website\",\"url\":\"https:\/\/sercematki.eu\/\",\"name\":\"sercematki.eu\",\"description\":\"33 bicia serca\",\"potentialAction\":[{\"@type\":\"SearchAction\",\"target\":\"https:\/\/sercematki.eu\/?s={search_term_string}\",\"query-input\":\"required name=search_term_string\"}],\"inLanguage\":\"pl-PL\"},{\"@type\":\"WebPage\",\"@id\":\"http:\/\/sercematki.eu\/?page_id=3430#webpage\",\"url\":\"http:\/\/sercematki.eu\/?page_id=3430\",\"name\":\"48. Dzie\\u0144 29. listopada 2020 - sercematki.eu\",\"isPartOf\":{\"@id\":\"https:\/\/sercematki.eu\/#website\"},\"datePublished\":\"2020-09-27T16:50:20+00:00\",\"dateModified\":\"2020-11-28T14:21:20+00:00\",\"inLanguage\":\"pl-PL\",\"potentialAction\":[{\"@type\":\"ReadAction\",\"target\":[\"http:\/\/sercematki.eu\/?page_id=3430\"]}]}]}<\/script>\n<!-- \/ Yoast SEO plugin. -->","_links":{"self":[{"href":"https:\/\/sercematki.eu\/index.php?rest_route=\/wp\/v2\/pages\/3430"}],"collection":[{"href":"https:\/\/sercematki.eu\/index.php?rest_route=\/wp\/v2\/pages"}],"about":[{"href":"https:\/\/sercematki.eu\/index.php?rest_route=\/wp\/v2\/types\/page"}],"author":[{"embeddable":true,"href":"https:\/\/sercematki.eu\/index.php?rest_route=\/wp\/v2\/users\/2"}],"replies":[{"embeddable":true,"href":"https:\/\/sercematki.eu\/index.php?rest_route=%2Fwp%2Fv2%2Fcomments&post=3430"}],"version-history":[{"count":1,"href":"https:\/\/sercematki.eu\/index.php?rest_route=\/wp\/v2\/pages\/3430\/revisions"}],"predecessor-version":[{"id":3897,"href":"https:\/\/sercematki.eu\/index.php?rest_route=\/wp\/v2\/pages\/3430\/revisions\/3897"}],"wp:attachment":[{"href":"https:\/\/sercematki.eu\/index.php?rest_route=%2Fwp%2Fv2%2Fmedia&parent=3430"}],"curies":[{"name":"wp","href":"https:\/\/api.w.org\/{rel}","templated":true}]}}